*x + 317. Calculate c(-49).
-75
Let r(z) = -11*z**2 + 14*z + 58. Give r(3).
1
Let r(k) = 13*k**3 - 38*k**2 - 7*k + 10. Give r(3).
-2
Let g(f) = -11*f + 146. Calculate g(16).
-30
Let z(m) = -149*m + 1042. Determine z(7).
-1
Let i(q) = -17*q**2 - 132*q + 32. What is i(-8)?
0
Let a(z) = 91*z + 209. Calculate a(-5).
-246
Let u(m) = -49*m + 131. Determine u(5).
-114
Let q(u) = -4*u**3 - 95*u**2 - 371*u + 11. What is q(-5)?
-9
Let o(n) = -n**3 - 20*n**2 + 39*n - 66. Give o(-22).
44
Let q(f) = 16*f - 294. Determine q(7).
-182
Let x(w) = -4*w**3 + 44*w**2 - 108*w - 24. Determine x(7).
4
Let h(s) = -5072*s + 86217. Give h(17).
-7
Let o(i) = -i**3 + 19*i**2 + 8*i - 504. Calculate o(17).
210
Let a(m) = -m**3 + 9*m**2 - 12*m - 13. Give a(7).
1
Let v(u) = 3*u**2 - 50*u + 33. Determine v(15).
-42
Let g(q) = 444*q - 23536. Give g(53).
-4
Let b(v) = 3*v**3 + 12*v**2 + 5*v + 2. Determine b(-5).
-98
Let z(k) = k**3 + 8*k**2 - 1098*k - 10813. What is z(-10)?
-33
Let c(b) = 300*b + 3702. What is c(-13)?
-198
Let r(m) = -m**3 - 13*m**2 + 10*m - 21. Give r(-14).
35
Let i(c) = c**2 - 4472*c - 22369. Give i(-5).
16
Let g(c) = -9*c**2 - 33*c + 177. Determine g(-7).
-33
Let q(r) = 497*r - 4969. What is q(10)?
1
Let f(h) = -16*h - 1276. Give f(-63).
-268
Let n(q) = -q**3 + 259*q**2 - 1272*q + 524. Calculate n(254).
16
Let d(t) = -103*t**2 + 1542*t - 14. Give d(15).
-59
Let l(r) = -r - 66. Calculate l(-49).
-17
Let s(o) = -o**2 - 16*o + 134. Determine s(9).
-91
Let t(k) = -39*k**2 + 1797*k - 1798. Calculate t(1).
-40
Let z(y) = 12*y + 767. Determine z(-62).
23
Let j(x) = x**2 + 38*x - 3. Give j(-40).
77
Let b(i) = -i**2 - 11*i + 617. Give b(-31).
-3
Let j(r) = -r**2 + 15*r - 31. Calculate j(0).
-31
Let o(v) = 15*v**2 + 42*v + 181. What is o(-4)?
253
Let f(j) = -3*j**3 - 100*j**2 - 129*j + 130. Give f(-32).
162
Let v(s) = s - 162. Calculate v(-37).
-199
Let q(l) = l**2 + 2872*l - 57818. Calculate q(20).
22
Let i(r) = 581*r - 2315. Give i(4).
9
Let o(x) = -2*x**2 + 197*x - 1289. What is o(7)?
-8
Let s(p) = 55*p - 1180. What is s(15)?
-355
Let b(j) = j**3 - 18*j**2 - 12*j + 37. Calculate b(18).
-179
Let w(g) = 452*g - 4062. Determine w(9).
6
Let a(k) = 56*k + 498. What is a(-9)?
-6
Let x(j) = -3*j + 7. Calculate x(2).
1
Let k(n) = 12*n**2 - 43*n + 83. Calculate k(2).
45
Let z(y) = -9*y**2 - 691*y + 2323. Determine z(-80).
3
Let g(t) = -t**3 + t**2 + 25*t + 33. What is g(7)?
-86
Let o(c) = -5*c**3 - 2*c + 140. What is o(0)?
140
Let i(z) = -z**2 + 69*z - 443. Give i(64).
-123
Let w(z) = 776*z - 7004. What is w(9)?
-20
Let g(z) = -28*z + 1240. Determine g(44).
8
Let w(r) = r**2 - 42*r - 397. Give w(50).
3
Let q(l) = l**3 + 16*l**2 + 48*l - 8. What is q(-11)?
69
Let s(k) = 7*k**3 - 2*k**2 + 6*k. Determine s(2).
60
Let c(m) = m**2 - 27*m - 41. Determine c(28).
-13
Let k(c) = -9*c - 683. What is k(-72)?
-35
Let h(l) = -71*l - 3663. Give h(-52).
29
Let a(f) = 9*f**2 + 70*f - 20. What is a(-8)?
-4
Let w(t) = -7*t**2 + 27*t + 173. Determine w(-6).
-241
Let b(i) = -172*i + 872. Determine b(5).
12
Let t(n) = 768*n - 46. Calculate t(1).
722
Let f(i) = -2*i**3 - i**2 - 19. Determine f(3).
-82
Let o(p) = p**3 + 113*p**2 + 436*p + 87. Determine o(-109).
87
Let h(o) = 24*o + 874. Calculate h(-20).
394
Let s(m) = 2*m**2 - 207*m + 605. Determine s(3).
2
Let o(z) = -23*z**3 + z**2 + 10*z. What is o(-2)?
168
Let t(z) = 23*z**3 - 9*z**2 + 22*z - 12. Calculate t(1).
24
Let h(p) = -p**3 - 10*p**2 - 10*p + 47. Determine h(-9).
56
Let q(f) = -25*f - 166. Give q(-11).
109
Let q(c) = -105*c + 655. Give q(5).
130
Let k(g) = 12*g**3 - 4*g**2 - 1. Give k(-1).
-17
Let x(u) = -5*u**2 - 115*u - 19. Calculate x(-21).
191
Let s(n) = 27*n + 20. What is s(1)?
47
Let y(w) = -568*w - 2254. Give y(-4).
18
Let b(q) = 36*q**2 - 423*q + 7. What is b(13)?
592
Let x(m) = 38*m - 1155. Determine x(30).
-15
Let u(w) = 70*w + 695. Give u(-10).
-5
Let m(j) = -4*j**2 + 144*j - 43. Determine m(36).
-43
Let x(w) = 16397*w - 163971. Give x(10).
-1
Let x(v) = -v**3 + 10*v**2 - 2*v - 13. What is x(11)?
-156
Let v(n) = -n**3 + 2*n**2 - 697*n + 2820. Determine v(4).
0
Let z(b) = -666*b - 17974. Give z(-27).
8
Let g(j) = j**3 - 4*j**2 - 8*j + 27. Determine g(4).
-5
Let c(r) = -r**3 - 42*r**2 + 65*r + 1043. Give c(-43).
97
Let s(v) = v**2 + 21*v + 145. Determine s(-9).
37
Let f(b) = 47*b**3 + b**2 + 3*b + 3. Give f(-1).
-46
Let d(w) = -w**2 - 13*w + 3144. Determine d(-63).
-6
Let z(b) = -136*b + 3770. Determine z(28).
-38
Let i(y) = -y**3 - 13*y**2 - 3*y - 64. Determine i(-13).
-25
Let q(x) = -x**2 - 10*x + 51. Give q(-6).
75
Let x(i) = -3*i**3 + 3*i**2 + 18*i - 92. Give x(8).
-1292
Let j(s) = -649*s**3 - 6*s**2 - 2*s + 5. Determine j(1).
-652
Let o(s) = 2*s**3 - 30*s + 40. Calculate o(-6).
-212
Let z(f) = f**3 + 22*f**2 + 110*f + 126. Calculate z(-5).
1
Let j(z) = -314*z - 143. What is j(-2)?
485
Let g(t) = t**3 + 2*t**2 - 31*t - 96. Determine g(-5).
-16
Let h(u) = 106*u - 476. Give h(5).
54
Let j(q) = 332*q - 656. Give j(2).
8
Let j(r) = 6*r**2 + 37*r - 208. What is j(6)?
230
Let y(d) = 2*d**2 + 396*d + 2690. What is y(-7)?
16
Let j(u) = -113*u + 1105. Give j(8).
201
Let b(s) = -s**2 - 28*s - 81. Give b(-25).
-6
Let f(p) = p**2 - 64*p + 453. What is f(8)?
5
Let h(c) = 102*c - 2650. What is h(26)?
2
Let h(c) = -4*c - 244. Determine h(-33).
-112
Let z(u) = -u**3 + 25*u**2 + 27*u - 32. Calculate z(26).
-6
Let s(c) = -11*c + 110. Determine s(8).
22
Let q(s) = -41*s - 575. Calculate q(-14).
-1
Let k(z) = -162*z + 373. Calculate k(2).
49
Let d(f) = -28*f + 1470. What is d(52)?
14
Let m(z) = 4*z**3 + 7*z**2 + 21*z + 90. Calculate m(-4).
-138
Let k(w) = 63*w + 2591. What is k(-41)?
8
Let c(m) = -5*m**2 + 49*m - 46. Give c(10).
-56
Let f(n) = 2*n**3 - 11*n**2 + 228*n - 1402. Give f(6).
2
Let x(s) = 439*s - 116772. Calculate x(266).
2
Let z(f) = 336*f**2 + 2348*f - 26. Calculate z(-7).
2
Let y(u) = -9*u**2 + 9*u - 21. Calculate y(6).
-291
Let t(c) = -949*c + 1915. Determine t(2).
17
Let y(q) = 2*q**2 + 146*q + 276. Give y(-70).
-144
Let s(k) = -56*k**2 - 60*k - 50. Calculate s(-1).
-46
Let z(x) = -x**2 - 969*x + 2909. What is z(3)?
-7
Let a(x) = -11*x**2 + 117*x - 8. Give a(11).
-52
Let s(h) = 20*h - 536. What is s(29)?
44
Let r(x) = 26*x**2 - 178*x - 34. Determine r(7).
-6
Let s(y) = y**2 - 8*y - 605. Give s(29).
4
Let u(c) = 9*c**3 - c**2 - 19*c - 17. What is u(-4)?
-533
Let q(o) = -5*o**3 - 5*o**2 - 14*o - 4. Determine q(-5).
566
Let b(h) = 10*h**3 + 76*h**2 - 221*h - 6. Give b(3).
285
Let j(m) = -109*m - 792. Give j(-13).
625
Let a(t) = 3*t**3 - 123*t**2 + 1099*t - 200. Give a(28).
-4
Let s(p) = -19*p + 29. Give s(-4).
105
Let o(l) = 30*l**2 + 252*l + 9. Determine o(-9).
171
Let f(u) = -2*u**2 + 76*u - 347. Determine f(33).
-17
Let b(t) = t**3 + 157*t**2 + 39*t + 6122. What is b(-157)?
-1
Let v(b) = 4*b**3 + 26*b**2 + 7*b - 9. Calculate v(-5).
106
Let k(b) = -b**3 - 2*b**2 + b - 20. What is k(-4)?
8
Let t(u) = u**3 + 3*u**2 - 8*u + 26. What is t(-5)?
16
Let n(j) = -j**3 - 5*j**2 - 36*j - 343. Give n(-6).
-91
Let w(q) = 163*q - 152. Determine w(1).
11
Let r(m) = -m**3 + 11*m**2 - 24. Determine r(11).
-24
Let n(p) = -2*p**3 + 253*p**2 + 383*p + 132. Calculate n(128).
4
Let s(k) = -3*k - 60. Determine s(-4).
-48
Let v(y) = -y**3 + 86*y**2 + 1754*y - 294. Give v(103).
15
Let d(c) = 2*c + 58. What is d(-17)?
24
Let i(u) = -5*u**3 - 4*u**2 - 2*u - 2. Give i(-2).
26
Let l(b) = 8*b - 478. Determine l(40).
-158
Let b(u) = u**3 + 32*u**2 - u - 68. Calculate b(-32).
-36
Let o(b) = -2*b**2 + 61*b + 115. Give o(33).
-50
Let h(p) = 178*p - 4821. Calculate h(27).
-15
Let s(z) = -42*z + 4113. Determine s(101).
-129
Let l(d) = -d**3 - 19*d**2 - 51*d + 76. Determine l(-15).
-59
Let p(v) = 3*v**3 - 289*v**2 - 196*v + 193. Determine p(97).
-1
Let o(l) = l**3 - 12*l**2 + 13*l - 212. Give o(12).
-56
Let o(f) = -23*f**2 + 1049*f + 1509. What is o(47)?
5
Let p(g) = -3*g**3 - 2*g**2 + 7*g + 28. Give p(6).
-650
Let z(t) = 2*t**2 - 6*t + 39. Calculate z(0).
39
Let u(h) = 90*h - 352. Calculate u(4).
8
Let w(f) = 19*f**2 - 402*f + 1211. What is w(3)?
176
Let k(l) = -68*l**3 + 7*l**2 + 17*l - 24. Calculate k(1).
-68
Let j(m) = -5*m**2 + 48*m - 132. Calculate j(6).
-24
Let d(c) = c**2 + 41*c + 19. Determine d(0).
19
Let m(a) = -352*a**2 - 8*a - 8. Calculate m(-1